{"id":51,"date":"2019-11-24T19:42:58","date_gmt":"2019-11-24T18:42:58","guid":{"rendered":"http:\/\/ny.noramusikk.no\/?page_id=51"},"modified":"2025-10-14T15:03:11","modified_gmt":"2025-10-14T13:03:11","slug":"innmeldingsskjema","status":"publish","type":"page","link":"https:\/\/noramusikk.no\/index.php\/innmeldingsskjema\/","title":{"rendered":"Innmeldingsskjema"},"content":{"rendered":"\r\n<p><em><span>NORAs oppgave er \u00e5 organisere artister og band som foretar innspillinger p\u00e5 egen h\u00e5nd, og som selv har eierkontroll p\u00e5 masteren sin \u2013 alts\u00e5: egenprodusentene.<br \/><\/span><\/em><br \/><strong>Bli medlem du ogs\u00e5!<\/strong> Send inn skjemaet under, og bli med inn i fremtidens organisasjon!<\/p>\r\n\r\n\r\n\r\n\r\n\r\n<p>Medlemskontingenten er kun Kr. 500,- per \u00e5r. <strong>Du vil <span style=\"text-decoration: underline;\">ikke<\/span> motta kontingentgiro<\/strong>, da denne blir motregnet ved den \u00e5rlige vederlagsutbetalingen.<\/p>\r\n\r\n\r\n<div id=\"wpmem_reg\"><a id=\"register\"><\/a><form name=\"form\" method=\"post\" action=\"https:\/\/noramusikk.no\/index.php\/innmeldingsskjema\/\" id=\"wpmem_register_form\" class=\"form\"><input type=\"hidden\" id=\"_wpmem_register_nonce\" name=\"_wpmem_register_nonce\" value=\"a2676b34fa\" \/><input type=\"hidden\" name=\"_wp_http_referer\" value=\"\/index.php\/wp-json\/wp\/v2\/pages\/51\" \/><fieldset><legend>Ny brukerregistrering<\/legend><label for=\"username\" class=\"text\">Velg brukernavn<span class=\"req\">*<\/span><\/label><div class=\"div_text\"><input name=\"username\" type=\"text\" id=\"username\" value=\"\" class=\"textbox\" required  \/><\/div><label for=\"first_name\" class=\"text\">Artistnavn\/Band<span class=\"req\">*<\/span><\/label><div class=\"div_text\"><input name=\"first_name\" type=\"text\" id=\"first_name\" value=\"\" class=\"textbox\" required  \/><\/div><label for=\"last_name\" class=\"text\">Kontaktperson<span class=\"req\">*<\/span><\/label><div class=\"div_text\"><input name=\"last_name\" type=\"text\" id=\"last_name\" value=\"\" class=\"textbox\" required  \/><\/div><label for=\"user_email\" class=\"text\">E-post<span class=\"req\">*<\/span><\/label><div class=\"div_text\"><input name=\"user_email\" type=\"email\" id=\"user_email\" value=\"\" class=\"textbox\" required  \/><\/div><label for=\"confirm_email\" class=\"text\">Bekreft epost<span class=\"req\">*<\/span><\/label><div class=\"div_text\"><input name=\"confirm_email\" type=\"email\" id=\"confirm_email\" value=\"\" class=\"textbox\" required  \/><\/div><label for=\"user_url\" class=\"text\">Nettsted<\/label><div class=\"div_text\"><input name=\"user_url\" type=\"url\" id=\"user_url\" value=\"\" class=\"textbox\" \/><\/div><label for=\"mastereier_checkbox\" class=\"checkbox\">JA, jeg eier egne innspillinger (minimum 20 min. musikk)<span class=\"req\">*<\/span><\/label><div class=\"div_checkbox\"><input name=\"mastereier_checkbox\" type=\"checkbox\" id=\"mastereier_checkbox\" value=\"12\" required  \/><\/div><div class=\"clear\"><\/div><div class=\"captcha\"><script src=\"https:\/\/www.google.com\/recaptcha\/api.js\" async defer><\/script><div class=\"g-recaptcha\" data-sitekey=\"6LfMLH4cAAAAALFUOlAbs17seFZlc4OYLGkBg9-8\"><\/div><\/div><input name=\"a\" type=\"hidden\" value=\"register\" \/><input name=\"wpmem_reg_page\" type=\"hidden\" value=\"https:\/\/noramusikk.no\/index.php\/innmeldingsskjema\/\" \/><div class=\"button_div\"><input name=\"submit\" type=\"submit\" value=\"Registrer\" class=\"buttons\" \/><\/div><div class=\"req-text\"><span class=\"req\">*<\/span>P\u00e5krevede felt<\/div><\/fieldset><\/form><\/div>\n","protected":false},"excerpt":{"rendered":"<p>NORAs oppgave er \u00e5 organisere artister og band som foretar innspillinger p\u00e5 egen h\u00e5nd, og som selv har eierkontroll p\u00e5 masteren sin \u2013 alts\u00e5: egenprodusentene.Bli medlem du ogs\u00e5! Send inn skjemaet under, og bli med inn i fremtidens organisasjon! Medlemskontingenten er kun Kr. 500,- per \u00e5r. Du vil ikke motta [&hellip;]<\/p>\n","protected":false},"author":2,"featured_media":0,"parent":0,"menu_order":0,"comment_status":"closed","ping_status":"closed","template":"","meta":{"footnotes":""},"class_list":["post-51","page","type-page","status-publish","hentry"],"jetpack_sharing_enabled":true,"_links":{"self":[{"href":"https:\/\/noramusikk.no\/index.php\/wp-json\/wp\/v2\/pages\/51","targetHints":{"allow":["GET"]}}],"collection":[{"href":"https:\/\/noramusikk.no\/index.php\/wp-json\/wp\/v2\/pages"}],"about":[{"href":"https:\/\/noramusikk.no\/index.php\/wp-json\/wp\/v2\/types\/page"}],"author":[{"embeddable":true,"href":"https:\/\/noramusikk.no\/index.php\/wp-json\/wp\/v2\/users\/2"}],"replies":[{"embeddable":true,"href":"https:\/\/noramusikk.no\/index.php\/wp-json\/wp\/v2\/comments?post=51"}],"version-history":[{"count":13,"href":"https:\/\/noramusikk.no\/index.php\/wp-json\/wp\/v2\/pages\/51\/revisions"}],"predecessor-version":[{"id":577,"href":"https:\/\/noramusikk.no\/index.php\/wp-json\/wp\/v2\/pages\/51\/revisions\/577"}],"wp:attachment":[{"href":"https:\/\/noramusikk.no\/index.php\/wp-json\/wp\/v2\/media?parent=51"}],"curies":[{"name":"wp","href":"https:\/\/api.w.org\/{rel}","templated":true}]}}